{"id":7,"date":"2020-04-27T09:03:00","date_gmt":"2020-04-27T08:03:00","guid":{"rendered":"http:\/\/www.lp-system.se\/?page_id=7"},"modified":"2020-08-04T09:28:50","modified_gmt":"2020-08-04T08:28:50","slug":"home","status":"publish","type":"page","link":"https:\/\/www.lp-system.se\/","title":{"rendered":"Hem"},"content":{"rendered":"<div class=\"col-md-5\">\n<h3>Webb design<\/h3>\n<p><span>En allt viktigare del av produktutveckling \u00e4r marknadsf\u00f6ring av produkter via internet p\u00e5 hemsidor och sociala medier. Ett snabbt s\u00e4tt att f\u00e5 upp snygga och funktionella hemsidor \u00e4r att anv\u00e4nda WordPress. Se exempelvis denna sida <a href=\"https:\/\/tommyshushallsnara.se\/\">tommys hush\u00e5llsn\u00e4ra tj\u00e4nster<\/a> som \u00e4r byggd i wordpress.\u00a0<\/span><\/p>\n<\/div>\n<div class=\"col-md-6 col-md-offset-1\"><\/div>\n<div><img loading=\"lazy\" decoding=\"async\" src=\"http:\/\/www.lp-system.se\/wp-content\/uploads\/2020\/04\/wp-soci-med.png\" alt=\"\" width=\"650\" height=\"250\" class=\"alignright wp-image-60 size-full\" srcset=\"https:\/\/www.lp-system.se\/wp-content\/uploads\/2020\/04\/wp-soci-med.png 650w, https:\/\/www.lp-system.se\/wp-content\/uploads\/2020\/04\/wp-soci-med-300x115.png 300w\" sizes=\"auto, (max-width: 650px) 100vw, 650px\" \/><\/div>\n","protected":false},"excerpt":{"rendered":"<p>Webb design En allt viktigare del av produktutveckling \u00e4r marknadsf\u00f6ring av produkter via internet p\u00e5 hemsidor och sociala medier. Ett snabbt s\u00e4tt att f\u00e5 upp snygga och funktionella hemsidor \u00e4r att anv\u00e4nda WordPress. Se exempelvis denna sida tommys hush\u00e5llsn\u00e4ra tj\u00e4nster som \u00e4r byggd i wordpress.\u00a0<\/p>\n","protected":false},"author":1,"featured_media":64,"parent":0,"menu_order":0,"comment_status":"closed","ping_status":"closed","template":"","meta":{"footnotes":""},"class_list":["post-7","page","type-page","status-publish","has-post-thumbnail","hentry"],"_links":{"self":[{"href":"https:\/\/www.lp-system.se\/index.php?rest_route=\/wp\/v2\/pages\/7","targetHints":{"allow":["GET"]}}],"collection":[{"href":"https:\/\/www.lp-system.se\/index.php?rest_route=\/wp\/v2\/pages"}],"about":[{"href":"https:\/\/www.lp-system.se\/index.php?rest_route=\/wp\/v2\/types\/page"}],"author":[{"embeddable":true,"href":"https:\/\/www.lp-system.se\/index.php?rest_route=\/wp\/v2\/users\/1"}],"replies":[{"embeddable":true,"href":"https:\/\/www.lp-system.se\/index.php?rest_route=%2Fwp%2Fv2%2Fcomments&post=7"}],"version-history":[{"count":4,"href":"https:\/\/www.lp-system.se\/index.php?rest_route=\/wp\/v2\/pages\/7\/revisions"}],"predecessor-version":[{"id":77,"href":"https:\/\/www.lp-system.se\/index.php?rest_route=\/wp\/v2\/pages\/7\/revisions\/77"}],"wp:featuredmedia":[{"embeddable":true,"href":"https:\/\/www.lp-system.se\/index.php?rest_route=\/wp\/v2\/media\/64"}],"wp:attachment":[{"href":"https:\/\/www.lp-system.se\/index.php?rest_route=%2Fwp%2Fv2%2Fmedia&parent=7"}],"curies":[{"name":"wp","href":"https:\/\/api.w.org\/{rel}","templated":true}]}}